 w be (-15)/g*(1 + 1645). What is the units digit of 12/90 + w/15?
5
Suppose 0 = 2219*l - 2222*l - 4*q - 2, -4*q - 8 = 0. Let w = 2 - -2. Suppose l*m = w*m - 390. What is the hundreds digit of m?
1
Let q be (0 - -1) + (-74)/(-2). Let z = q - 36. Suppose r = -z*r - 3, -5*r + 15 = 2*d. What is the tens digit of d?
1
What is the tens digit of (2 - (-46870)/6) + (-200)/(-150)?
1
Let s(p) = p**3 + 10*p**2 + 11*p + 21. Let i be s(-9). Suppose 18*c + i = 19*c. Suppose 123 = 3*l - g, 2*l + c*g = l + 31. What is the tens digit of l?
4
Let t = 87 + -88. Let r be (t - 6/(-9))/(2/(-36)). Suppose r*k - 227 = 343. What is the units digit of k?
5
Suppose 9689 = j - 9*j + 65649. What is the tens digit of j?
9
Let q(p) = 9*p - 450. Let o be q(0). Let u = 841 + o. What is the hundreds digit of u?
3
Let x = -319 + 475. Let p = -246 - -165. Let h = p + x. What is the units digit of h?
5
Suppose 14*g - 156 = -100. What is the units digit of 298/g - 18/(-36)?
5
Let y(j) = j**3 + 24*j**2 - 17*j - 43. Let n be y(-11). Let d = n + -276. What is the thousands digit of d?
1
Suppose -5*h + 34651 + 49972 = -30352. What is the ten thousands digit of h?
2
Suppose -1106 + 7007 = c. What is the units digit of c?
1
Let b be (44/11)/((-1)/(-4)). Let m = b + -12. Suppose 5*g + 5*z - 34 - 616 = 0, -m*g + 2*z = -496. What is the tens digit of g?
2
Let w = 133719 + -60028. What is the thousands digit of w?
3
What is the thousands digit of 311590/20 + ((-3)/(-6)*1)/1?
5
Suppose 24*p + 71*p - 1749045 = 0. What is the tens digit of p?
1
Let j(m) = -39*m + 14. Suppose 0 = -g - 2*q - 18, 6*g + 72 = g - 4*q. What is the units digit of j(g)?
2
Let f = 635 + -933. Let n = -601 - f. Let s = -177 - n. What is the units digit of s?
6
Suppose 156 - 1752 = -14*d. Suppose 0 = 3*r - r - 3*c - 63, -2*c = -4*r + d. Suppose -r*z + 30*z = 645. What is the hundreds digit of z?
2
Let j be 4/(-14) - (-420400)/175. Let z = j - 1480. What is the hundreds digit of z?
9
Suppose -164*j + 3338274 = -6858298 + 1757788. What is the tens digit of j?
5
Suppose -4*u + 1880 = -2*h, -3*h = 2*h - 20. Suppose 5555 - u = 13*c. What is the tens digit of c?
9
Let t(u) = u**2 - 25*u - 52. Let b be t(28). Let z be 112 - ((-1 - -2) + 1). Suppose -y = -z + b. What is the tens digit of y?
7
Let i(h) = h**3 - 2*h**2 - 10*h + 10. Let m be i(4). Let t be (24/(-30))/(m/(-5)). What is the units digit of 3 + 3 + -4 - (t + -2)?
2
Suppose 0 = -9*p + 19 + 35. Let v(f) = -f**3 + 8*f**2 + 2*f + 3. Let g be v(p). Suppose -n + g = -6. What is the units digit of n?
3
Suppose -12*v + 124 = 88. Let q be (-1)/2*(-4 + 2). What is the units digit of q*v - 12/(-8)*20?
3
Let k(f) = -8*f + 2 + 41*f + 25*f + 14*f. What is the units digit of k(2)?
6
Let c be (-4)/(16/(-121)) - (-2)/(-8). Let h(d) = -7*d**2 - 7*d**2 + 16*d**2 - 14*d + c. What is the tens digit of h(13)?
8
Let j be ((-12)/(-15))/((-4)/(-20)). Suppose 4*p + 60 = j*c, -4*c - 3*p - 63 = -8*c. What is the tens digit of (410/4)/(9/c)?
0
Suppose -2*v = -2*p - 56088, 0 = 9*p - 5*p - 8. What is the hundreds digit of v?
0
Let k(y) = -3*y + 33. Let a be k(-3). What is the units digit of (1967/a + 2/12)*6?
2
Let t(n) = -18*n + 22. Let y = 65 - 56. Suppose 2 = -y*z - 43. What is the units digit of t(z)?
2
Let k = 145 + -17. Suppose 3*g + 4 = 4*g - x, 2*x - 32 = -3*g. Suppose 4*y + k = g*y. What is the units digit of y?
2
Suppose -5*w - 5*n - 55 = 0, n - 3*n = -4*w - 44. Let t = 13 + w. Suppose -t*d - 3*v + 104 = v, 5*d - 260 = -2*v. What is the tens digit of d?
5
Suppose 4*l - p + 7 = 29, 0 = -4*p - 8. Suppose -3*w + 12 = 0, 1 = -f - w + l. Suppose f = 5*b - 123 + 13. What is the tens digit of b?
2
Let c be 122/6 - (-1 - (-3)/9). Suppose -3*t - 3*w = -5*t - c, -w = -1. What is the units digit of (80/(-15))/(1 - (-11)/t)?
4
Let h be (-299)/4 + 3/(-12). Let x = h + 82. Let z(a) = 11*a + 17. What is the units digit of z(x)?
4
Let a(x) be the second derivative of -25*x**3/3 - 3*x**2 + 42*x + 1. What is the hundreds digit of a(-3)?
1
Suppose -7*k + 9676 = 2354. Suppose -2*j + 1580 = -k. What is the tens digit of j?
1
Suppose k - 5*k - 5*i + 27 = 0, 4*k = 3*i + 3. Suppose 0 = 4*x + 8, -k*w = -2*w + 3*x - 539. What is the hundreds digit of w?
5
Let l be 72/(-20) - 6/(-10). What is the units digit of 1*(199 + 1 + l)?
7
Let j be (-5632)/(-48) - 4/(-6). Let m(l) = 5*l - 2*l - 2*l**3 - 2*l**2 + 117 - j. What is the units digit of m(-5)?
4
Let v(j) = -j**2 - 11*j + 67. Let t be v(5). Let p(u) be the first derivative of u**4/4 + 5*u**3 + 8*u**2 - 32*u - 2. What is the units digit of p(t)?
8
Suppose -r + 2*r - 5*l = 2691, 3*l = 5*r - 13477. Let f = -924 + r. What is the units digit of f?
2
Suppose -5*f + 13699 = -7*m - 11514, 2*f - m = 10078. What is the hundreds digit of f?
0
Let h(z) = 91*z + 2382. What is the thousands digit of h(120)?
3
Let k be 2*2/(-16) - (-65)/20. Suppose -5*f = b - 19, -5*b + b = k*f - 8. Suppose 0*h + 2*q + 223 = 3*h, -2*h + f*q + 154 = 0. What is the units digit of h?
3
Let z be 16/10*-2*(-15)/12. Suppose -572 = -z*x - 2*i, -5*x + 4*x + 2*i = -148. Let y = -91 + x. What is the units digit of y?
3
Let w = -99649 - -165842. What is the tens digit of w?
9
Suppose -x + 1 = 0, -x + 6*x = r + 10. Let y be 55*((-25)/(-5))/r. What is the units digit of (22/y)/((-2)/290)?
8
Suppose -3 = 2*s - 3333. What is the hundreds digit of s?
6
Let b(c) = -c**3 + 20*c**2 + 21*c + 74. Let t be b(21). What is the units digit of (0 - -19)*(t - 2)?
8
Let g(p) = 98*p**3 - 2*p**2 + 13*p + 10. What is the hundreds digit of g(3)?
6
Let n = -593 - -26. Let v = n + 1366. What is the tens digit of v?
9
What is the units digit of 5584 - (-2)/((-5)/(-35)*2)?
1
Let m be (-252)/(-81) + (16/18 - 1). Suppose -5*w + m*l + 1861 = 0, -4*w + 1490 = -34*l + 32*l. What is the units digit of w?
4
Suppose 0*j - 107090 = -6*j + 2*y, -2*j + 35708 = 5*y. What is the ten thousands digit of j?
1
Suppose 24*n + 4 = 26*n. Suppose 2*x - 3*s = 682, 4*x - 563 - 801 = n*s. What is the tens digit of x?
4
What is the hundreds digit of ((-20)/(-1))/(54/23220)?
6
Let u = 7439 + -272. What is the hundreds digit of u?
1
Let m(f) = -16*f - 16. Let r be m(-4). Suppose 3*s - 9*s = -r. What is the tens digit of 11/4*(-5)/((-10)/s)?
1
Let l = -12601 + 16024. What is the tens digit of l?
2
Suppose 3*i - 61*i = -2414598. What is the ten thousands digit of i?
4
Let o(r) = r**3 - 4*r**2 - 22*r + 9. Let y be o(7). Suppose 38*b + y*f = 39*b - 661, 5*b = 3*f + 3333. What is the hundreds digit of b?
6
Suppose 2*q + 3*s = 151, -4*q + 4*s + 257 = s. Let d = -133 + q. Let h = d - -142. What is the units digit of h?
7
Let k(m) = -54*m - 4. Let q = -45 + 49. Suppose 2*i - q = -2*t, -2*i + 0*t - 11 = -3*t. What is the units digit of k(i)?
0
Let t be (-4 - (-160)/28) + 2/7. Suppose -4*k - 8 = -k + s, -t*k + 5*s = 28. What is the tens digit of 381*-4*k/48?
2
Let d = 26 + -8. Let r be (27/d)/((-1)/(-2)). Suppose 4*j - 140 = r*j. What is the units digit of j?
0
Suppose -8 = 2*w - 3*m + 15, -w - 4 = -4*m. Let s be 10 + -14 + (0 - w). Suppose 3*p - 2*p + f - 8 = 0, 5*p - 2*f = s. What is the units digit of p?
4
What is the tens digit of (-15604)/2*((-80)/(-30))/8*-3?
0
Suppose -20*x + 19*x = -5*j + 600, -5*x - 240 = -2*j. Let m = 13 + -3. Suppose 5*c = m*c - j. What is the units digit of c?
4
Let m(g) = -g**2 + 19*g - 15. Let b be m(13). What is the tens digit of b/(((-20)/30)/(4/(-9)))?
4
Let j(n) = -27*n**3 - 6*n**2 - 26*n - 5. Suppose 3*r - 3*q = 3, -6 = 4*r + q + 10. What is the units digit of j(r)?
8
What is the thousands digit of (7778/1)/(139/139)?
7
Let c(b) = -8*b - 15. Let r be c(16). Let q = -136 - r. Suppose 3*l = 12, -q*l - 69 = -i - 2*l. What is the tens digit of i?
8
Let h = 47559 - 21007. What is the units digit of h?
2
Let j be (-71)/((-1)/4*4). Suppose 2*c = 3*r - 223, 0 = 8*r - 9*r + 4*c + j. What is the tens digit of r?
7
Let p(t) = -2*t**2 - 23*t - 1. Let u be p(-8). Suppose -1557 = u*r - 64*r. What is the units digit of r?
3
What is the hundreds digit of (4/6)/(70/798525)?
6
Let h = 4623 + -4578. What is the units digit of h?
5
Suppose 0 = -v + 906 - 236. Suppose -10*d + 5320 = v. What is the hundreds digit of d?
4
Let j = 21 - 3. Let r = -51 + j. Let l = -31 - r. What is the units digit of l?
2
Let j(l) = l**3 - 8*l**2 + 5*l - 30. Let b be j(